+ 17. Let n(h) = -3*f(h) + 2*m(h). Is n(-8) composite?
True
Let u(y) be the third derivative of y**6/120 + y**5/5 - 2*y**4/3 + 2*y**3/3 - 7*y**2. Is u(-13) a prime number?
True
Let w(d) be the third derivative of 263*d**5/60 + d**4/24 + d**3/6 - 2*d**2. Let a(b) = -b**3 + 13*b**2 - 10*b - 25. Let u be a(12). Is w(u) a composite number?
False
Suppose -5*w - 1170 = 4*u, -7*w - 936 = -3*w + 3*u. Let d = w - -469. Is d prime?
False
Let h = -2321 + 6004. Is h prime?
False
Let r be 20/((20/(-16))/5). Is 23082/10 - r/100 composite?
False
Let v(c) = -1 + 2 + 5*c + 20 + c**2. Is v(20) a prime number?
True
Let q = -70 + 78. Suppose q*d = 2*d + 6924. Is d prime?
False
Let v = 185 + -640. Let b = v + 813. Is b a prime number?
False
Let m be (-56464)/(-48) - (0 + 8/6). Suppose -3*r + m = 2*r. Is r prime?
False
Suppose 57*i - 5*q - 12124 = 55*i, 5*q - 6077 = -i. Is i a prime number?
True
Let z(v) be the first derivative of -v**4 - v**3 + 2*v**2 - 5*v + 7. Let h be z(3). Let u = h + 239. Is u a composite number?
True
Let v = 26 - 15. Let u = v - 85. Let s = u + 201. Is s a composite number?
False
Let w be ((-15)/4)/(20/(-80)). Suppose 3*u - 8*u = w. Is -3*(-1)/u*-131 composite?
False
Suppose -6*y - 462 = -2*y - a, -4*y - 4*a = 452. Let o = 194 + y. Let z = 116 - o. Is z prime?
True
Is 2/(14/41109) + (-10)/(-35) a prime number?
False
Let b(w) = -7649*w**3 + 3. Is b(-2) a prime number?
False
Is (-2765)/(-2) + -8 + (-3)/2 a prime number?
True
Suppose -17*s = -8*s - 38997. Suppose s = -3*r + 25768. Is r composite?
True
Let h(w) = -w**2 - 2*w + 5. Let q be h(-2). Suppose -2*u + 1264 + 3224 = -2*n, 0 = q*u - 4*n - 11221. Is u prime?
False
Suppose -10*f - 74951 + 372661 = 0. Is f prime?
False
Let r = -3985 + 5948. Is r a prime number?
False
Let p = 703 - -483. Is p a prime number?
False
Let k(g) = 578*g**2 + 19*g + 47. Is k(-10) a prime number?
False
Suppose 0 = -3*q - 1 + 13. Is (0 - (-12617)/q) + (-15)/(-20) composite?
True
Suppose -29*t - 21955 = -34*t. Is t composite?
False
Suppose -2*b + 2580 = b. Suppose -5*t + 1092 = 2*h, 6*t - 2*t + 5*h - b = 0. Let z = -75 + t. Is z a prime number?
False
Let c(v) = 159*v**3 - 3*v**2 - 2*v + 11. Let y be ((-3)/4 + 0)/((-12)/48). Is c(y) composite?
False
Is (-442)/1326 + 8194/3 + 0 a composite number?
False
Let g(o) = -o**2 + 11*o + 15. Let p be g(12). Suppose 0 = p*n + 2*c - 9005, -3*n + 9000 = 2*c + c. Is n composite?
True
Suppose 0 = 18*c - 14*c - 43196. Is c a composite number?
False
Let w(r) = 4*r**2 - 2*r + 17. Suppose 4*x = -x + 5. Let n be 22/(x + 4/4). Is w(n) prime?
True
Let g(h) = 1549*h. Let c be g(1). Suppose 5*j - 5*x = 9846 - 2026, j - c = -4*x. Is j a composite number?
True
Suppose 4*p - 7 = -4*q + 13, q = -4*p + 14. Suppose p*x = x - 6, 1216 = 2*j + 2*x. Is j a composite number?
True
Is (126536/28)/(26/91) composite?
False
Let m(s) be the third derivative of s**4/8 + 53*s**3/2 - 29*s**2. Is m(0) a prime number?
False
Suppose -5*u + 4*g = 7*g - 20458, -g + 4092 = u. Is u a composite number?
False
Let z be 1/(((-3)/(-1143))/(2/3)). Suppose -3*n + n + z = 0. Is n composite?
False
Let s(f) = 4*f + 2963. Let y(j) = -j**3 + 8*j**2 - 11*j - 6. Let b be y(6). Is s(b) a prime number?
True
Let h(j) = j**3 - 2*j + 3. Let t be h(0). Suppose -t*x + x = -614. Is x composite?
False
Let j(v) = -8*v**2 + 2*v + 5. Let k(h) = -h - 8. Let b be k(-15). Let r be j(b). Is 0/(-1) - (2 + r) a composite number?
True
Suppose 4*h = -4*d + 12, 3*h + 2*d - 3 = 3. Suppose h = 4*o - 5*y - 3933, 0*o = -o - 3*y + 962. Is o prime?
True
Suppose -4621 = 7*c - 15982. Is c composite?
True
Let r = 23052 + 10765. Is r a prime number?
False
Suppose 13 = 4*t - 4*u - 7, -2*t + 5*u = -16. Suppose 13 = t*k - 245. Is 4/16 + k/8 a prime number?
True
Suppose -4*m + 4*v + 19372 = 0, 2*m + 531 = -3*v + 10222. Let o = m - 3285. Is o composite?
False
Let q(k) = -1048*k - 250. Is q(-11) prime?
False
Let b = 5374 + -1667. Is b a composite number?
True
Let j(s) = -4*s**3 + 9*s**2 - 3*s**2 + 3*s**3. Let w be j(6). Suppose w = 19*c - 20*c + 131. Is c a composite number?
False
Is ((-88114)/104)/((-1)/4) composite?
False
Suppose 0*s + 2*s = -2*q + 5866, -5*s = -5*q - 14665. Suppose 7*v - 700 = s. Is v prime?
False
Let v(c) = 2*c - 13. Let h be v(6). Suppose -3*b + 4*j + 613 + 488 = 0, 0 = b + 2*j - 377. Is b*-2*h/2 composite?
True
Suppose 5*z - 3*q - 16 = -4*q, 12 = -2*z - 5*q. Suppose 0 = -0*v + z*v. Suppose v*c = 2*c - 148. Is c prime?
False
Let m(p) = 2*p**2 - 6*p - 4. Let l be m(4). Suppose -l*f = -3883 - 3993. Is f a prime number?
False
Suppose -4*l = 4*n - 15640, -14517 = -5*n + 4*l + 5006. Is n a composite number?
False
Suppose 14*z - 12*z = 6. Suppose -564 = -z*u - 195. Is u composite?
True
Suppose 5*a = 3*r - 56856, -r - 2*a + 18962 = -7*a. Is r prime?
True
Suppose 4*h + 6911 + 5709 = 0. Let g = h + 6102. Is g prime?
False
Suppose -67*t + 518 = -30*t. Is t composite?
True
Suppose -d + 2*d = -2*s - 5, 3*d + 5*s = -11. Let h be 4*((-18)/8 + 3). Suppose w + 2231 = h*i + 3*w, 6 = -d*w. Is i a prime number?
False
Suppose 29*s - 31*s = -5878. Is s a prime number?
True
Suppose -8 = -4*n + 12. Let r(q) = 51*q + 1. Let o be r(n). Let b = o - 179. Is b prime?
False
Let y be -4 - (1 + -25)/3. Let q(n) = 8*n**3 + 4*n**2 - 6*n + 2. Is q(y) a composite number?
True
Let a = -18 - -20. Suppose a*f - 1095 = -3*f. Is f composite?
True
Suppose -2*a = 2, 4*d - 2*a + 0 - 114 = 0. Suppose -5*n + d = 8. Suppose -5*s = -3*j + 653, -5*j - n*s - s = -1035. Is j a composite number?
False
Suppose -3*p - 2*z + 16 = 0, 3 = -3*p - 4*z + 29. Suppose -7*q = -p*q - 1680. Let j = -181 + q. Is j composite?
True
Suppose 3*q + 5*z = 1318, 7*q - 4*q = -z + 1334. Is q a prime number?
False
Is 5275575/(-375)*(-5)/3 a composite number?
False
Let v(p) = 181*p - 209. Is v(6) a prime number?
True
Suppose 3*k = 2*k + 3. Is ((-617)/k - -1)/((-2)/6) prime?
False
Suppose 39*s - 101183 = -5204. Is s composite?
True
Suppose 261*r - 263*r + 9560 = 0. Suppose 12*p - 8*p = r. Is p prime?
False
Suppose 0 = -2*d + 3*p - 5, 0*d - 5*p = 3*d + 17. Suppose -5*s = 5*v - 1300, -4*v + 176 + 888 = -4*s. Is (v/d)/(2/(-8)) a composite number?
False
Let t = 40094 + -26181. Is t a prime number?
True
Suppose 4*c + 236 - 2052 = 0. Let l = c - 125. Is l composite?
True
Let r be 2/(-1)*3/(-6). Let q = 5 - r. Let b(v) = 20*v + 5. Is b(q) a composite number?
True
Suppose 21*p + 6923 = 28*p. Is p a composite number?
True
Let l = 66 + 235. Is l a composite number?
True
Let w(x) = -x**3 + 3*x**2 + 9*x - 3. Is w(-10) a prime number?
False
Let z(b) = 707*b**3 + b**2 - 2*b + 3. Is z(1) a composite number?
False
Suppose 916 = -4*h - 160. Let w(r) = r**3 - 11*r**2 - 16*r - 18. Let n be w(12). Let s = n - h. Is s a prime number?
False
Let r(h) = h**2 - 12*h + 7. Suppose -18 = -4*o - a + 43, 5*a - 53 = -2*o. Is r(o) prime?
False
Suppose 5 = 2*g - g. Let c be (-51297)/6 + g/(-2). Is c/12*(-9)/6 composite?
False
Let l(b) be the second derivative of -b**5 - b**4/3 + 7*b**3/6 - 4*b**2 - 11*b. Is l(-5) a prime number?
True
Let b(w) = 9*w + 2. Let f be b(-1). Let m = f - -9. Suppose m*y = 6*y - 1996. Is y composite?
False
Let r(u) be the first derivative of -u**4/4 + 14*u**3/3 - 5*u**2/2 + 10*u + 5. Let z be r(13). Suppose 2*d = 524 - z. Is d prime?
False
Suppose 4*g + a = -17632 - 5828, -2*g - 2*a - 11724 = 0. Let i be g/(-8) - 1/4. Let j = -426 + i. Is j a composite number?
False
Let d = 31 + -24. Let i(u) = 66*u - 19. Is i(d) a prime number?
True
Suppose 3*j - 5*j - 5*g + 3 = 0, 2*j = -g - 1. Is 455 + (-4 - -2) - (j + 3) composite?
True
Let r(n) = 68*n + 1. Let a be r(-8). Let p = 2451 - 3647. Let m = a - p. Is m composite?
False
Suppose 4*y = u - 3*u - 10, 3*y + 2*u + 8 = 0. Let s be (y - -8) + (-2)/2. Suppose -z = 3*d - s*z - 650, 3*d + z - 640 = 0. Is d composite?
True
Let p = -7018 - -30071. Is p a composite number?
False
Suppose -g + x - 5*x = -5159, -3*g + x + 15438 = 0. Is g a prime number?
True
Let l = -12 + 14. Suppose 0 = l*t - 3*t + 62. Let p = t - -65. Is p a prime number?
True
Let a be 4/(4/(156/(-3))). Let o = 107 + a. Is o a composite number?
True
Suppose -n = p + 107, 0 = -3*p + 3*n - 137 - 154. Let h = 0 - p. Suppose -476 = -4*f + l, f - h = -0*l - 4*l. Is f prime?
False
Let q = 37 + -32. Suppose 325 + 10 = q*t. Is t comp